{"id":2,"date":"2019-02-18T13:28:57","date_gmt":"2019-02-18T12:28:57","guid":{"rendered":"http:\/\/pustulki.pl\/?page_id=2"},"modified":"2023-03-22T14:34:59","modified_gmt":"2023-03-22T13:34:59","slug":"przykladowa-strona","status":"publish","type":"page","link":"http:\/\/pustulki.pl\/index.php\/przykladowa-strona\/","title":{"rendered":"Pustu\u0142ki w Polsce"},"content":{"rendered":"\r\n<p style=\"text-align: justify;\">Pustu\u0142ki coraz cz\u0119\u015bciej gniazduj\u0105 w pobli\u017cu cz\u0142owieka. Obiektami, kt\u00f3re wybieraj\u0105 do l\u0119g\u00f3w s\u0105 m.in.: bloki mieszkalne, obiekty sakralne, zamki, mosty, budowle przemys\u0142owe, wie\u017ce ci\u015bnie\u0144 i wiele innych. Chcieliby\u015bmy pozna\u0107 skal\u0119 tego zjawiska. Interesuj\u0105 nas te\u017c informacje o stanowiskach nietypowych: np. przypadki gniazdowania na balkonach &#8211; w skrzynkach na kwiaty czy w donicach, jak r\u00f3wnie\u017c w bocianich gniazdach.<\/p>\r\n\r\n\r\n<hr class=\"wp-block-separator\" \/>\r\n\r\n\r\n<p style=\"text-align: justify;\"><br \/>W zwi\u0105zku z tym wci\u0105\u017c pracujemy nad map\u0105 obrazuj\u0105c\u0105 rozmieszczenie stanowisk l\u0119gowych pustu\u0142ki w Polsce. Wiemy, \u017ce nie jest ona kompletna. Informacje, kt\u00f3re uda\u0142o nam si\u0119 zebra\u0107 pozyskali\u015bmy dzi\u0119ki uprzejmo\u015bci i przychylno\u015bci wielu os\u00f3b. Skorzystali\u015bmy te\u017c z obserwacji zgromadzonych w kilku bazach: Kartotece Przyrodniczej Towarzystwa Bada\u0144 i Ochrony Przyrody, Pomorskiej Kartotece Ornitologicznej, Wielkopolskiej Kartotece Ornitologicznej oraz og\u00f3lnopolskiej bazie ornitho.pl, do kt\u00f3rej te\u017c zosta\u0142y przeniesione dane z Polskiej Kartoteki Przyrodniczej.<\/p>\r\n\r\n\r\n\r\n<p class=\"has-text-align-center\"><strong>WSZYSTKIM, KT\u00d3RZY DOTYCHCZAS PRZEKAZALI SWOJE OBSERWACJE ORAZ ADMINISTRATOROM KARTOTEK REGIONALNYCH<\/strong><\/p>\r\n\r\n\r\n\r\n<p class=\"has-text-align-center\"><strong>SERDECZNIE DZI\u0118KUJEMY!<\/strong><\/p>\r\n\r\n\r\n\r\n<p style=\"text-align: justify;\">Aktualnie baza danych zawiera informacje, kt\u00f3re uda\u0142o si\u0119 zebra\u0107 w wi\u0119kszo\u015bci,<span style=\"font-size: 1rem;\">\u00a0 z ostatnich 10 lat obserwacji. D<\/span><span style=\"font-size: 1rem;\">ane o stanowiskach l\u0119gowych gromadzone s\u0105 na bie\u017c\u0105co i aktualizowane w zestawieniu widocznym na mapie.<\/span><\/p>\r\n\r\n\r\n\r\n<p style=\"text-align: justify;\">Staramy si\u0119, aby na mapie, po klikni\u0119ciu we wskazany punkt, mo\u017cna by\u0142o wy\u015bwietli\u0107 dane o stanowisku tj.: o \u00a0rodzaju zasiedlonego obiektu przez pustu\u0142ki; liczbie par zasiedlaj\u0105cych obiekt; sezonach l\u0119gowych, w trakcie kt\u00f3rych by\u0142y obserwowane;\u00a0 autorach obserwacji.<\/p>\r\n\r\n\r\n<hr class=\"wp-block-separator\" \/>\r\n\r\n\r\n<p style=\"text-align: justify;\">Czy stanowiska pustu\u0142ki, o kt\u00f3rych wiesz ju\u017c s\u0105 wpisane do bazy? Sprawd\u017a! Pomo\u017ce to zweryfikowa\u0107 wiedz\u0119 o wyst\u0119powaniu tego soko\u0142a w Polsce.<\/p>\r\n\r\n\r\n\r\n<p class=\"has-text-align-left\" style=\"text-align: justify;\"><strong>Zwracamy si\u0119 do wszystkich os\u00f3b, kt\u00f3re posiadaj\u0105 wiedz\u0119 o wyst\u0119powaniu pustu\u0142ek w swojej okolicy (i nie tylko) o pomoc w poznaniu rozmieszczenia gatunku. Informacje b\u0119dziemy gromadzi\u0107 przed nadchodz\u0105cym sezonem, a tak\u017ce w ci\u0105gu nadchodz\u0105cego sezonu l\u0119gowego. Prosimy o przesy\u0142anie informacji na adres:<\/strong><\/p>\r\n\r\n\r\n\r\n<p class=\"has-text-align-center\" style=\"text-align: justify;\"><strong>gniazda(ma\u0142pa)pustulki.pl<\/strong><\/p>\r\n\r\n\r\n<hr class=\"wp-block-separator\" \/>\r\n\r\n\r\n<p style=\"text-align: justify;\">Informacja powinna zawiera\u0107 nast\u0119puj\u0105ce dane: imi\u0119 i nazwisko obserwatora\/\u00f3w, miejscowo\u015b\u0107, rodzaj obiektu (np. ko\u015bci\u00f3\u0142, zamek, most, silosy, itp.), wsp\u00f3\u0142rz\u0119dne (odczytane z Google Maps) lub adres (np. ko\u015bci\u00f3\u0142 przy Rynku), liczb\u0119 par l\u0119gowych i szczeg\u00f3\u0142y obserwacji (wielokrotne obserwacje, gniazdo, rodzina), znany okres zajmowania stanowiska, lub pojedyncz\u0105 dat\u0119 obserwacji. Cenne b\u0119d\u0105 uwagi dodatkowe (np. stanowisko opuszczone po remoncie ko\u015bcio\u0142a z powodu zasklepienia potencjalnych miejsc gniazdowych; stanowisko okupowane nieregularnie). Opr\u00f3cz informacji o nowych stanowiskach, prosimy r\u00f3wnie\u017c o weryfikowanie i uzupe\u0142nianie ju\u017c zgromadzonych danych (np. sprecyzowanie liczby par l\u0119gowych, uaktualnienie lat obserwacji, podanie kategorii l\u0119gowo\u015bci) wed\u0142ug posiadanej wiedzy.\u00a0<\/p>\r\n\r\n\r\n\r\n<p style=\"text-align: justify;\"><strong>Celem przedsi\u0119wzi\u0119cia<\/strong> jest uzupe\u0142nienie wiedzy o wyst\u0119powaniu i liczebno\u015bci pustu\u0142ki oraz jej preferencjach biotopowych. Bardzo wa\u017cny jest tu aspekt ochronny. Maj\u0105c odpowiedni\u0105 wiedz\u0119 o lokalizacji miejsc l\u0119gowych gatunku mo\u017cna reagowa\u0107 w przypadku nie zg\u0142aszanych remont\u00f3w r\u00f3\u017cnych obiekt\u00f3w, kt\u00f3re powoduj\u0105 nieumy\u015bln\u0105 likwidacj\u0119 gniazd pustu\u0142ek. W sytuacji, gdy remont zosta\u0142 ju\u017c przeprowadzony, a ptaki nie maj\u0105 gdzie gniazdowa\u0107, mo\u017cna postara\u0107 si\u0119 o kompensacj\u0119 przyrodnicz\u0105 \u2013 zamontowanie w zast\u0119pstwie zasklepionych nisz l\u0119gowych odpowiednich budek.\u00a0<\/p>\r\n<p style=\"text-align: justify;\">Wiedza o wyst\u0119powaniu stanowisk pustu\u0142ek mo\u017ce by\u0107 pomocna tak\u017ce dla os\u00f3b planuj\u0105cych dzia\u0142ania ochronne. Dotychczasowe dzia\u0142ania na rzecz ochrony pustu\u0142ki wykazuj\u0105, \u017ce wi\u0119kszy sens montowania skrzynek dla tego gatunku jest w okolicach znanych stanowisk l\u0119gowych.<\/p>\r\n\r\n\r\n<hr class=\"wp-block-separator\" \/>\r\n","protected":false},"excerpt":{"rendered":"<p>Pustu\u0142ki coraz cz\u0119\u015bciej gniazduj\u0105 w pobli\u017cu cz\u0142owieka. Obiektami, kt\u00f3re wybieraj\u0105 do l\u0119g\u00f3w s\u0105 m.in.: bloki mieszkalne, obiekty sakralne, zamki, mosty, budowle przemys\u0142owe, wie\u017ce ci\u015bnie\u0144 i wiele innych. Chcieliby\u015bmy pozna\u0107 skal\u0119 tego zjawiska. Interesuj\u0105 nas te\u017c informacje o stanowiskach nietypowych: np. przypadki gniazdowania na balkonach &#8211; w skrzynkach na kwiaty czy w donicach, jak r\u00f3wnie\u017c w &hellip; <\/p>\n<p class=\"link-more\"><a href=\"http:\/\/pustulki.pl\/index.php\/przykladowa-strona\/\" class=\"more-link\">Czytaj dalej<span class=\"screen-reader-text\"> Pustu\u0142ki w Polsce<\/span><\/a><\/p>\n","protected":false},"author":2,"featured_media":0,"parent":0,"menu_order":2,"comment_status":"closed","ping_status":"closed","template":"","meta":{"_mi_skip_tracking":false,"footnotes":"","_links_to":"","_links_to_target":""},"_links":{"self":[{"href":"http:\/\/pustulki.pl\/index.php\/wp-json\/wp\/v2\/pages\/2"}],"collection":[{"href":"http:\/\/pustulki.pl\/index.php\/wp-json\/wp\/v2\/pages"}],"about":[{"href":"http:\/\/pustulki.pl\/index.php\/wp-json\/wp\/v2\/types\/page"}],"author":[{"embeddable":true,"href":"http:\/\/pustulki.pl\/index.php\/wp-json\/wp\/v2\/users\/2"}],"replies":[{"embeddable":true,"href":"http:\/\/pustulki.pl\/index.php\/wp-json\/wp\/v2\/comments?post=2"}],"version-history":[{"count":22,"href":"http:\/\/pustulki.pl\/index.php\/wp-json\/wp\/v2\/pages\/2\/revisions"}],"predecessor-version":[{"id":354,"href":"http:\/\/pustulki.pl\/index.php\/wp-json\/wp\/v2\/pages\/2\/revisions\/354"}],"wp:attachment":[{"href":"http:\/\/pustulki.pl\/index.php\/wp-json\/wp\/v2\/media?parent=2"}],"curies":[{"name":"wp","href":"https:\/\/api.w.org\/{rel}","templated":true}]}}